 Is c(-60) prime?
True
Is ((-5100585)/63 - -14)/((-1)/3*1) a prime number?
False
Let a be 27/(3/(-60)*-6). Suppose -a*v - 20745 = -99*v. Is v a prime number?
False
Suppose 117203 = 4*d + 5*o - 20419, 3*o = -2*d + 68812. Is d a composite number?
False
Suppose 4*l - 364618 - 808806 = 2*t, -1173430 = -4*l - t. Is l prime?
True
Let g(c) = 2*c**2 - 18*c - 53. Let f be g(18). Let o(s) = 600 + f*s - 607 + 84*s. Is o(8) a composite number?
False
Suppose -22*k + 6574235 = 109*k. Is k prime?
False
Let y = -112 + 112. Suppose y = -3*p + 9*p - 5010. Is p a composite number?
True
Suppose 402 = 5*s - 43. Suppose -l + 1164 = 5*k, -4*k + 839 = 4*l - s. Is k prime?
True
Let u(f) = f**2 - f + 373. Let q be u(0). Suppose 14 = -9*w - 31. Is (10/w)/((-2)/q) a composite number?
False
Suppose -2918676 = 17*m - 111*m + 13732390. Is m composite?
True
Suppose 8*w - w = 2*w. Suppose w = 4*p + v - 15683 - 21488, 0 = -3*p - 4*v + 27875. Is p composite?
False
Let g(b) = b - 3. Let k be g(7). Is k + -4 + 0 + 113 prime?
True
Let c(l) = l**3 + 2*l**2 + 3*l + 4. Let r be c(-4). Let y = r + 32. Is 1911/27 + y/(-36) composite?
False
Suppose 4*k = -4*q, 3*k + 4 = -2*q - 2*q. Suppose -5*h = 3*v - k*h - 11, 0 = 3*v - 4*h + 14. Is (-457)/(v/(-4)*2) a composite number?
False
Is 5809278/30 + (-480)/(-200) a prime number?
False
Is (-644)/(-552) + 22617537/18 composite?
False
Suppose -7*p - 36*p + 66693 = 0. Suppose -p + 20315 = 4*c. Is c prime?
True
Is -434012*(-22)/(-528)*-6 a composite number?
False
Suppose 4*q + 4*i = 36184 + 130016, -3*q = -3*i - 124644. Is q prime?
True
Let a(c) = c - 15. Let f be a(19). Suppose 11120 = 5*u - 3*g, 5*g = -f*u + 3*u + 2196. Is u a composite number?
False
Let w = -99701 + 216333. Let a = -79443 + w. Is a a composite number?
False
Suppose 29*d - 6502671 = -34*d. Is d prime?
True
Let s = -41765 - -22201. Let f = 28583 + s. Is f composite?
True
Is (-572)/(-3)*6930/42 - -9 prime?
True
Let i be (-24)/(-60) + 2/(-5). Suppose i = 4*b - 4*q + 20, 0 = b - 2*b - 4*q + 15. Let s(n) = -2040*n + 1. Is s(b) a prime number?
False
Let c(v) = v + 219. Let p be c(0). Suppose 2*o + 4*j + 388 = 0, 2*o + 15 = 4*j - 373. Let x = p - o. Is x a prime number?
False
Suppose 456 - 2328 = -3*l. Let k be (-3)/(-7) + l/112. Is 322*(k/(-4) - -2) prime?
False
Let n(q) be the third derivative of q**6/8 - 11*q**5/120 - 5*q**4/24 - 19*q**3/6 + 8*q**2. Let f(k) be the first derivative of n(k). Is f(4) a prime number?
False
Suppose -24*m + 254 + 322 = 0. Is (-40232)/(-28) - (-1 - m/(-28)) composite?
True
Suppose -p + 5*g - 2 = -0*g, -4*p + 14 = 2*g. Suppose p*i = 9096 - 183. Is i composite?
False
Suppose 342 = y - 5*b - 322, -5*y + 3205 = -2*b. Suppose 6*x - y = 3*x. Is x composite?
True
Suppose 121256 = 11*b - 7*b - 3*j, -60628 = -2*b - j. Let g = b + -15945. Is g prime?
True
Let t = -666376 - -1000055. Is t a composite number?
False
Let b(g) = 21121*g - 1357. Is b(24) a composite number?
True
Let t(f) = -f**2 - 2*f + 1. Let w be t(-1). Suppose -x + 22 = 3*a, 0*a - w*a = -4*x + 18. Is -2 + 7779/x + 30/(-105) prime?
True
Suppose 0 = -8*p + 6*p + 528. Let d = 28 - p. Let t = 17 - d. Is t a composite number?
True
Suppose 52*g + 2142562 = 54*g + 2*o, -3*g = -o - 3213851. Is g a composite number?
False
Let a(y) = 15*y - 47 - 6 + 234*y**3 + 18*y**2 - 233*y**3. Is a(-14) composite?
False
Suppose 0 = 2*b - v - 56560, 5*v + 12 + 18 = 0. Is b prime?
True
Let i be -256 + (5 - (-3 - -4)). Let r = -593 - i. Let o = r + 760. Is o a composite number?
False
Let i be 0/1 + 1 + 2. Let q(j) = -3*j + 662. Let h be q(5). Suppose -3*r = 4*s - 7*r - 1344, -2*s - i*r + h = 0. Is s prime?
True
Let z = 57956 - 37803. Is z a prime number?
False
Suppose -632727 = -8*u - 12*u + 802093. Is u a prime number?
True
Let y be (3/2)/(7/350*-5). Let s = y - -22. Suppose 3*c - s*c - 4 = 0, 2*v + c - 813 = 0. Is v a prime number?
False
Let v = -57 + 60. Suppose 19607 = 3*j - 5*a, -7*j + v*j - 2*a = -26160. Is j a composite number?
True
Let c(q) = -q**2 - 22*q - 45. Let b be c(-22). Let g = b + 49. Let k(y) = 27*y**2 - 4*y - 1. Is k(g) composite?
True
Suppose 3*w = 5*c - 8*c + 288471, 0 = 3*w. Is c prime?
True
Let g(z) = 97*z**2 + 37*z + 53. Let s be g(-4). Suppose -2*j + 0*j = -6. Suppose -j*p = -310 - s. Is p a composite number?
True
Let t = 27 + 3. Suppose 5*u = 5*q - t, -2 - 8 = -3*q - 5*u. Suppose 3*o + 5*l + 149 = 4*o, -5*l = q*o - 865. Is o prime?
False
Let c(r) = 770*r - 7. Let o(y) = 772*y - 7. Let l(h) = 5*c(h) - 6*o(h). Is l(-2) a prime number?
True
Suppose 56 = 17*p - 3*p. Suppose -y - p*g + 12 = 30, 5*y = -5*g - 15. Suppose 1222 = 3*c + 5*v - 1541, -y*v = 2*c - 1842. Is c a composite number?
True
Suppose -10*o - 18*o = 10220. Let h = 4424 - o. Is h a prime number?
True
Let a = -223889 + 338016. Is a a prime number?
False
Suppose i + 2*s - 5*s - 3414 = 0, -3*i = -s - 10226. Let z = -1988 + i. Suppose -2*j = 62 - z. Is j a composite number?
True
Let i = -9371 + 18958. Is i a prime number?
True
Let i(y) = y**2 + 2*y - 9. Let l be i(-4). Let k be l/((-3)/9) - -6442. Suppose 3*u - k = -1264. Is u a prime number?
False
Let b be ((-195)/(-52))/(3/32). Let t = b + -38. Suppose -1094 = -t*c - 132. Is c composite?
True
Is (-2)/(40/(-300)) + 360418 a prime number?
False
Let v(b) = -b. Let w(a) = 58*a - 3. Let g(h) = 6*v(h) + w(h). Let d(j) = -208*j + 11. Let f(l) = -2*d(l) - 9*g(l). Is f(-3) a prime number?
False
Let o(z) = -z**3 + 10*z**2 + 11*z + 4. Let a be o(11). Suppose -6 = 2*i - 4*t, -5*t + a*t = -i. Is 10/(-30) - (-1480)/i a composite number?
True
Let w(d) = -d**3 - 2*d**2 - d - 6. Let q be w(-2). Is -2 - (303*2*-2 + q) a composite number?
True
Let b = 141260 + -59749. Is b composite?
True
Let p(y) = 101*y - 47. Let k = 79 + -59. Is p(k) a prime number?
True
Suppose -3*s - 21 = 0, 4*o - 89645 - 80251 = 4*s. Is o composite?
False
Let h(q) = -2*q**2 - 39*q - 40. Let p be h(-18). Let j(m) = -8*m**2 - 10*m + 37 - 5*m**2 + m**3 - 8. Is j(p) a prime number?
False
Let u = 1278 - -21455. Is u a composite number?
True
Let f(j) = 3*j**3 + 6*j**2 + 6*j - 2. Let p be f(5). Let w(o) = 3*o**2 - 9*o. Let a be w(3). Suppose a = -z - 5*b + 89, 6*z - 2*b = z + p. Is z a prime number?
True
Let u(i) = 167*i**2 + 59*i - 1817. Is u(22) a composite number?
False
Let f = 359 + -360. Is -4 + f/((-12)/(-54))*-716 a prime number?
False
Let u = -36 - -134. Suppose -c - 4*z = -z - u, 3*c + 2*z = 329. Is c a composite number?
False
Let i(o) = o + 12. Let u(v) = v + 13. Let g(z) = -4*i(z) + 3*u(z). Let h be g(-5). Is 2/(h/796*-2) prime?
True
Suppose -56102 = -v - 4*m, 2*v + 13*m = 14*m + 112177. Suppose 0 = -4*f + 3*b + 44891, -f - b + v = 4*f. Is f a composite number?
True
Let l = -581 + 1044. Suppose -519 = -2*q + l. Is q prime?
True
Suppose 25*b - 588 - 1737 = 0. Suppose b*p + 37798 = 95*p. Is p a prime number?
True
Suppose 5*n + 403229 = z, -408251 + 5038 = -z - 3*n. Is z a composite number?
False
Let z(d) = -31*d - 21. Let i be z(-2). Suppose -i*m + 1319 = -40*m. Is m a prime number?
True
Let k(m) = 22*m**3 + 29*m**2 - 94*m + 14. Is k(17) a prime number?
True
Is (538/(-8))/((-13008)/1856 + 7) prime?
False
Let q = -589 - -908. Let x be (3/(-2))/((-6)/16). Suppose -3*t + 3353 = 4*k, -x*t + 4145 + q = 2*k. Is t a composite number?
True
Suppose -175*n = -n - 1388146 - 4235012. Is n composite?
True
Let o(d) = -7*d**3 - 9*d**2 - 6. Let x be o(6). Let p(r) = -6*r**2 + 5*r - 16. Let s be p(13). Let q = s - x. Is q a prime number?
True
Let s = 44 - 40. Let k be 0*(-1)/s*-4. Suppose -g + 377 - 124 = k. Is g prime?
False
Suppose -10*w + 452 = -368. Suppose 0 = 83*h - w*h + 7173. Is (h/(-45))/(1 + 8/(-10)) a composite number?
False
Let h(c) be the first derivative of 20*c**3/3 + 4*c**2 + 19*c - 1. Suppose 4*v - 9*z = -5*z - 20, -z = 4*v + 25. Is h(v) prime?
True
Is 160587*12/108*(-1)/(1/(-1)) a composite number?
True
Suppose 0 = 39*z - 40*z + 10. Suppose 14*b - 4 = z*b. Let a(r) = 1470*r**2 - r + 2. Is a(b) a composite number?
False
Suppose 0 = -30*j + 15*j + 105. Let x be 3/(-4) - (-7062)/8. Is (0 - -1)*(j + x) a prime number?
False
Suppose -2*j + 4*s = -21410, 2*j = -4*s + 15578 + 5832. Let r = j + -4284. Is r composite?
False
Is (-332708)/28*(15 + -22) composite?
False
Suppose 3766462 - 196626 = 124*p. Is p composite?
False
Is (-254119)/(-3)*-3